6 + 4*o**2 + o. Let z(w) = -4*w + 3. Let x(g) = -3*y(g) + 8*z(g). What is x(v)?
-1
Let j(t) be the third derivative of t**6/120 + t**5/12 - t**4/24 - 2*t**3/3 - 5*t**2. What is j(-5)?
1
Let s(x) be the third derivative of 11*x**7/2520 + x**4/12 - 3*x**2. Let q(a) be the second derivative of s(a). Calculate q(-1).
11
Suppose 47 = 3*c + o, -3*c + 0*o = -2*o - 41. Let x = 13 - c. Let n(j) = -j**2 - j**2 + j**3 + 2 - 2*j**3. What is n(x)?
2
Suppose -30 = 2*n + 3*n. Let q(i) = -i**2 - 3*i + 8. Determine q(n).
-10
Let r(u) = u**3 - u**2 + u. Suppose 2*p + 2 = 0, -4*p - 6 = -f - f. Determine r(f).
1
Let u(f) = -f - 1. Let y = -80 + 113. Suppose -5*v + y = -4*l, 31 = 3*v - 3*l + 10. Give u(v).
-6
Suppose -9 = 2*y + 9. Let p = 3 + y. Let w(o) = o**3 + 7*o**2 + 4*o - 4. What is w(p)?
8
Let n(b) be the first derivative of b**6/360 - b**5/40 - b**4/12 - 4*b**3/3 + 4. Let w(o) be the third derivative of n(o). Calculate w(3).
-2
Suppose a + 2*a - 3 = -3*k, -3*k - 12 = 0. Suppose 2*b - 2 = a*b - 2*x, -3*b - 3 = -3*x. Let v(y) = -y + 1 + b + 2 - y**2. Give v(3).
-9
Let f(r) be the first derivative of -r**3/3 + 7*r**2/2 + 5*r - 56. Give f(8).
-3
Let g(a) = a + 2 - 3*a**2 + 0*a**2 + 2 + 5*a**2. Let z(v) = v**2 - 2*v - 3. Let m be z(0). What is g(m)?
19
Let v(f) = -f**3 + 2*f**2 - f. Let m(u) = u**3 - 6*u**2 - u + 7. Let i be m(6). Suppose i = 4*k - 23. Suppose -2*g + k*g - 8 = 0. Calculate v(g).
-2
Let l(a) = -a**3 + 6*a**2 - 5*a - 2. Suppose 0 = -0*n + n. Suppose -34 = -5*w - 3*v, n = 5*w + 2*v - v - 28. Give l(w).
-2
Let i = 21 - 15. Let j(p) = -4 + 4 - 2*p - 1 + i*p. Determine j(1).
3
Suppose -38 = 19*p - 152. Let i(k) = 3*k**3 + 3*k**2 - 10*k. Let a(b) = -b**3 + b**2 + b + 1. Let q(v) = 4*a(v) + i(v). Determine q(p).
4
Let t(r) = -4*r**2 + 14*r + 19. Let w(f) = 3*f**2 - 9*f - 13. Let i(y) = -5*t(y) - 7*w(y). Let m be i(-6). Let a(c) = -2*c**2 + c. Give a(m).
-6
Let y(r) be the third derivative of r**6/120 - r**5/15 - r**4/12 - 4*r**2. Let d be (-1 - -2) + -1 - -2. Let x be (1 + 1)/(d/4). Determine y(x).
-8
Let d be 1/(-4) - 175/(-28). Let b(g) = -g**3 + 5*g**2 + 6*g + 3. Give b(d).
3
Let k be -1 + 0/(-4) + -3. Let z(s) = s**3 + 4*s**2 + 2*s + 4. What is z(k)?
-4
Let b(l) = -l**2 - 3*l + 2. Suppose p + 0*p + 2 = 5*s, 0 = 3*s + 2*p + 4. Let q(o) = -2*o + 2. Let x be q(s). Determine b(x).
-8
Let d(k) = -k - 3 - 5*k**3 + 0*k**3 - 4*k**2 + 3*k**3 + 3*k**3. Let o = 5 + -1. What is d(o)?
-7
Let g(d) = -7*d**3 + 2*d**2 + d + 2. Let w(j) = -21*j**3 + 6*j**2 + 4*j + 7. Let c(b) = -7*g(b) + 2*w(b). Give c(1).
6
Let c(x) = -x + 5*x**3 - 3 + 4 + 6*x**3. Calculate c(1).
11
Let z(q) be the second derivative of q**4/12 - q**2/2 - 15*q. Determine z(-2).
3
Let j(r) = 5*r + 1. Suppose 0 = -0*t - 5*t + 25. Let c(q) = q + 6. Let p be c(0). Suppose x = -p + t. What is j(x)?
-4
Let x(w) be the second derivative of 0 - 1/2*w**3 + 3*w + 0*w**2. Suppose 5*a + 10 = -5*f, 5*f - 3*a = 2*f. Calculate x(f).
3
Let m(r) = -5*r**3 - 10*r**2 - 4*r - 11. Let d(o) = o**3 + o**2 + 1. Let g(c) = 6*d(c) + m(c). Let v = 5 + 0. Let w = 10 - v. What is g(w)?
0
Let j(s) be the third derivative of s**4/24 + 2*s**3 + 6*s**2. Give j(0).
12
Let z be (-4)/(-1)*10/8. Suppose 5*j = 4*a, -z*j = 2*a + 3*a. Let d(o) = -2*o**2 + o - 14. Let y(p) = p**2 - p + 13. Let m(h) = 2*d(h) + 3*y(h). What is m(a)?
11
Let a = 17 + -21. Let c(p) = -p**2 - 7*p. Give c(a).
12
Let r(b) be the first derivative of b**3/3 - 3*b**2/2 + 3*b - 17. Give r(4).
7
Let j = 62 - 57. Let v(d) = -3 - 2*d + 0 + 2 + 5. What is v(j)?
-6
Let n(u) = 29 - 56 + u + 29. What is n(-4)?
-2
Let y be 2/(-9) + (-195)/(-27). Suppose y = 5*o + 3*b, b - 6*b = 5*o - 5. Let i(p) = 3*p - 1 - 4*p**o + p + 3*p**2. What is i(5)?
-6
Let f(v) = -7*v**3 - 3*v**2 - 2*v - 3. Let a(c) = 21*c**3 + 8*c**2 + 5*c + 8. Let j(t) = -3*a(t) - 8*f(t). Determine j(-1).
6
Let j(u) = 2*u - 1. Let c(p) = p**2 + 5*p + 1. Let d be c(-4). What is j(d)?
-7
Let m = -7 - -5. Let q be (3/(-2))/(1/(-2)). Let i(n) = -n**2 + 4*n**2 - 2*n + 6*n + q. Give i(m).
7
Let m(a) = 1 + a + 0*a + a**2 + a. Let z be m(-2). Let w(j) = -2*j + 1. Let t(l) = l**2 + 4*l - 2. Let o(f) = 3*t(f) + 5*w(f). Give o(z).
4
Let o(b) = -b**2 - 10*b - 12. Let d be o(-8). Let g(f) = d - 12 + 7 - f. Calculate g(2).
-3
Let t(o) = 10*o - 17. Let b(x) = -3*x + 6. Let a(d) = 7*b(d) + 2*t(d). Determine a(5).
3
Let a(c) = 15*c + 7*c - 23*c - c**2. Let d(b) = -2*b**2 - 2*b. Let r(o) = 5*a(o) - 2*d(o). Give r(-2).
-2
Suppose -14 + 34 = 5*h. Let l(a) = -a**3 - 4*a**2 - 2*a - 3*a + 0*a**2 - h. Calculate l(-3).
2
Suppose 0 = -2*q + 3 + 7. Let g be 1/4 + 489/12. Suppose q*p + g = 4*l, 20 = -0*l + 5*l. Let o(u) = u**2 + 3*u - 6. Calculate o(p).
4
Let x(g) be the first derivative of -6 + 0*g**2 - 1/3*g**3 - g. Give x(0).
-1
Suppose -l = 1 - 3. Let o(n) = -2 - 2*n - 3 - 4*n**l - n + 3. Give o(-2).
-12
Let h(m) = 3*m**3 + 8*m**2 - 2*m + 3. Let n(o) = 2*o**3 + 8*o**2 - 3*o + 2. Let b(f) = 3*h(f) - 4*n(f). Calculate b(7).
-6
Let r(y) be the second derivative of -y**3/6 - y**2/2 - y. Let b(f) = -2*f - 16. Let t be b(-5). Give r(t).
5
Let l(q) = q**3 - 11*q**2 - 13*q + 9. Let a be l(12). Let m(o) = -o**2 - o + 3. What is m(a)?
-3
Suppose -5*i + 11 = 1. Let j(m) = -5*m**2 - 4*m**2 + i*m + 2 + 5*m**2 + 3*m**2. Determine j(2).
2
Let g be 44/10 + (-4)/10. Let h(z) be the third derivative of 0 + 0*z + 1/24*z**g - 2/3*z**3 - z**2. What is h(0)?
-4
Suppose 7 = 5*m - v, 2 + 0 = -v. Let t(l) = -7*l**3 - 8*l**3 + m + 3*l**3 - 2*l**2 - 2*l**3. What is t(-1)?
13
Let v(b) = -b**2 - 3*b - 2. Let x = -13 + 18. Suppose -x*f + 14 = 2*q - 17, -f + 5 = 0. Suppose 0*j + 10 = -3*j - r, -14 = q*j + 2*r. Calculate v(j).
0
Let t(y) = -y**2 - 2*y + 4. Let n = 6 - 4. Suppose -h = -n*h + 3. Let c(l) = l**3 - 4*l**2 + 2*l - 1. Let f be c(h). What is t(f)?
-4
Suppose 3*y = -1 - 2, y = 5*u - 11. Let t be 4/22 + (-20)/(-11). Let s(f) = 4*f**t + 1 + 3*f + 2*f - 3*f - 2*f**u. What is s(-2)?
5
Let l(z) = -z + 1. Let d be -2 - ((-68)/(-4) - 2). Let v = d - -19. Give l(v).
-1
Let t = -11 - -15. Let r(j) = -2 + 4 + 3*j - t*j. Give r(-2).
4
Let n = 9 + -8. Let x(w) = w**3. Let z(p) = 13*p**3 + 2*p**2 - p. Let y(f) = -x(f) + z(f). Calculate y(n).
13
Let w = -6 + 2. Let y(l) be the second derivative of l**5/20 - l**4/12 - l. Let o(c) = -3*c**3 - c**2 + 5*c - 2. Let n(x) = -o(x) - 2*y(x). Give n(w).
6
Suppose -8 = 3*u + 2*c, -2*u + 3*c + 20 = 8. Suppose u = -3*i - 0*i. Let p(g) = -g + 3*g + 12 - g + i*g. Give p(-5).
7
Let k(y) = y**3 + 6*y**2 + 8*y - 3. Let v be k(-3). Let a(p) = 2 + 9 + 0*p**2 - p + p**2. Determine a(v).
11
Let a(r) = -r**2 + 5 - 5*r - 10 + 3 + 10. Determine a(-7).
-6
Let n = 2 - 4. Let v(b) = b**3 + 2*b. Calculate v(n).
-12
Let g(z) = -z + 1. Let m(c) = -6*c + 12. Let x(a) = -5*g(a) + m(a). Let q be 0*(9/6 + -2). Calculate x(q).
7
Suppose 3*d + 1 = -4*g + 5, -4*g + 12 = 5*d. Let u(o) be the second derivative of -5/6*o**3 + 5/12*o**4 - 1/20*o**5 + o**2 + 0 - 2*o. What is u(d)?
-2
Suppose 3*j - 5 - 4 = 0. Let m = j - -1. Let g(r) be the third derivative of -r**4/8 + r**3 - 2*r**2. Give g(m).
-6
Let t(y) = -4*y - 12. Let m(n) = -n - 1. Let a(i) = -5*m(i) + t(i). Determine a(6).
-1
Suppose 5*v - 2 - 5 = -3*z, -4*v - 2*z = -6. Let p be (-2)/v*(4 + 1). Let u(i) = i**3 + 4*i**2 - 7*i - 6. Give u(p).
4
Suppose -3*t + 22 - 7 = 0. Suppose t*z + 5*n + 22 = 2*z, 4*z + 16 = -4*n. Let h(v) = -3*v. Calculate h(z).
-3
Let t(u) = -u**3 - 2*u**2 + 2*u + 1. Let d = -3 + -2. Let j be ((-3)/(-5))/(d/25). Let l be t(j). Let q(r) = 3*r - 3. Calculate q(l).
9
Suppose -5*z + 115 = -4*k, z - 2*k = 6*z - 115. Suppose 3*p = p - 4*a - 4, -2*p = -5*a - z. Let s(d) = -5 + 2*d - p - d. Calculate s(5).
-4
Suppose -4*d - r = -25, -3 - 2 = -5*r. Let p(i) = i + 0 + d - 3. Let z = 6 + -10. Determine p(z).
-1
Suppose -4*y + 5*c - 6 = 8, y + 16 = -5*c. Let u(x) be the second derivative of -x**4/12 - x**3 + 4*x**2 + 3*x. Determine u(y).
8
Let h = -5 - -8. Suppose w - 3*n - 2 = -3, -4*n = -w - 3. Let j be 1/(h - w/2). Let p(o) = o**3 - 2*o**2 - o - 1. What is p(j)?
-3
Let x(t) be the first derivative of -3 + 6*t + 2*t**3 - 7/2*t**2 - 1/4*t**4. What is x(4)?
10
Let b = 3 - 1. Let s = 2 - b. Suppose -p - 4*p + 25 = s. Let m(i) = i - 2. Calculate m(p).
3
Let w(d) = -d**3 + 3*d**2 + 4*d. Let l(s) = -